0*x + 16. List the prime factors of x.
2
Let f be 14*(9/(-3) - -4). Let h = f + -5. What are the prime factors of h?
3
Suppose 1 = -5*h + 16, -5*h = -4*d + 365. What are the prime factors of d?
5, 19
What are the prime factors of (-6)/12 + 507/6?
2, 3, 7
Let g be 3/2 + (-1)/(-2). Suppose g*z - 4 = -2*z - 2*u, 5*z - 2 = -4*u. Suppose -z*f - 18 = -m, 3*f + 2*f + 38 = 2*m. List the prime factors of m.
2, 7
Let l = 2 + 1. List the prime factors of l.
3
Suppose 3*l + 2*r - 788 = 0, -r - 333 - 976 = -5*l. What are the prime factors of l?
2, 131
Let i = 7 - 13. What are the prime factors of 1/i*2*-33?
11
List the prime factors of -2 - (8*-1 + -2).
2
Let b = 2 + -1. Suppose -2*s - b = -5. What are the prime factors of s?
2
Let z(x) = x + 10. Let b be ((-6)/15 - 0)*-5. Suppose -5*l - 4*p = 55, 45 = -5*l - b*p - 0*p. List the prime factors of z(l).
3
Suppose -3*w + 5*w - 108 = 0. Let y = w - 22. What are the prime factors of y?
2
Let d be ((-38)/4)/((-3)/6). Suppose 2*t = -3*o - 15, -3*t - 4*o - d = 2. List the prime factors of 15/4 + t/(-12).
2
Let l(c) = c**3 - 5*c**2 + c + 1. Let b be (-2)/10 - (-156)/30. What are the prime factors of l(b)?
2, 3
Let i = 3 - -1. Let q be i - 0*(-2 + 3). Suppose -q*o + 4*p = -36, -2*o - 9 = -3*o + 3*p. What are the prime factors of o?
3
Suppose -3*r - 2*p + 0 + 8 = 0, 0 = -3*r + p + 14. List the prime factors of (r + -2)/(2/12).
2, 3
Suppose -22 = -3*v + 2*h, -5*v = 3*h + h - 22. Suppose g - 38 - v = 0. What are the prime factors of g?
2, 11
Let g be (130/25)/((-2)/10). Let l be (-194)/18 - 2/9. Let v = l - g. List the prime factors of v.
3, 5
Suppose 2*k + 4*q - 22 = 0, 4*k = -0*q - q + 23. Let a = k + 3. What are the prime factors of a?
2
Suppose -h - 2*w + 32 = 0, 2*h = -0*h - 2*w + 54. Let g = h + -16. Let t = 5 + g. List the prime factors of t.
11
Suppose 5*r = 3*k + 102, -3*r - 78 = 4*k + 58. Let s = -21 - k. List the prime factors of s.
13
Suppose 4*d = 3*d - 11. Let q(x) = -3*x + 4. List the prime factors of q(d).
37
Let f(w) = -w**3 + 11*w**2 + 3. Let v be f(11). What are the prime factors of 12 - (-1 + 6/v)?
11
Suppose 3*b = -5*c - 103, 3*c = 2*c - b - 21. Suppose 7 = -r + 2. What are the prime factors of (-268)/c - 3/r?
2, 7
Let v(f) = -3*f + 43. List the prime factors of v(10).
13
Suppose 2*x - 184 = 20. What are the prime factors of x?
2, 3, 17
Suppose -x - 5*l = -0*x - 5, 4*x = l - 1. Suppose x = b + b. Suppose -16 = -b*h - 4*h. List the prime factors of h.
2
Let s be (-4)/(-20) + 21/(-5). Let a(c) = -c**3 - 4*c**2 - 3*c + 3. What are the prime factors of a(s)?
3, 5
Let m(j) = -j**3 - 4*j**2 - 3*j + 3. Let u be m(-3). Suppose -2*a + l = -5*a + 83, 0 = u*a + 5*l - 67. Suppose -a = -3*w + 7. What are the prime factors of w?
2, 3
What are the prime factors of ((-18)/27)/((-1)/18)?
2, 3
Let s(u) = 4*u. Let g(b) = 4*b. Let l(z) = 13*z. Let a(v) = 14*g(v) - 4*l(v). Let j(k) = 6*a(k) - 7*s(k). What are the prime factors of j(-1)?
2
Suppose -g + 0*g + 4 = 0. Let c be g/18 + (-55)/45. What are the prime factors of (6/(-8))/(c/24)?
2, 3
Let u(s) = 9*s + 6. List the prime factors of u(2).
2, 3
List the prime factors of (-1 + -1)/((-1)/4).
2
Let l be ((-40)/(-16))/(2/(-12)). Let m = 14 - l. List the prime factors of m.
29
Suppose -2*a + 3*a = 73. What are the prime factors of a?
73
Let t = 21 - -22. List the prime factors of t.
43
Let a(q) = q + 7. Suppose 0 = -3*y + 3*r - 20 - 10, -4*y - 10 = 2*r. List the prime factors of a(y).
2
Let o = 9 - 2. Suppose -4*b - 4*q = -o - 21, 4*b = 3*q + 28. What are the prime factors of b?
7
Let i(n) = 4*n + 4. Let k(z) = -z + 1. Let w(b) = -i(b) + 5*k(b). Let c be (2*1/2)/(-1). List the prime factors of w(c).
2, 5
Let c(r) = -r + 6. List the prime factors of c(-3).
3
Let x(g) = -5*g**2 - 3 + 5*g - g**3 + g - g. Let u be x(-6). Suppose -u = -3*j + 12. What are the prime factors of j?
5
Let u(a) = a**2 + 3*a. Let x be u(-8). Let w = x - 19. List the prime factors of w.
3, 7
Let q = -180 - -265. List the prime factors of q.
5, 17
Suppose 9*q - 6640 = -11*q. What are the prime factors of q?
2, 83
Suppose -6 = -m - 2*m, 122 = 4*u + m. What are the prime factors of u?
2, 3, 5
Let b(v) be the third derivative of -v**5/40 - 5*v**4/12 + v**3/3 - 2*v**2. Let l(m) be the first derivative of b(m). List the prime factors of l(-7).
11
Let i(w) = w**3 + 8*w**2 - w - 16. List the prime factors of i(-6).
2, 31
Suppose 0 = -7*c + 4*c. Suppose c*w = -w + 37. Let d = w - 20. List the prime factors of d.
17
Let t(r) = r**3 + 6*r**2 - 2*r - 3. Let l be t(-6). Suppose 5*d - 5 = -5*n + 40, -2*n + l = 5*d. List the prime factors of n.
2, 3
Let z(q) = q + 9. What are the prime factors of z(-4)?
5
Suppose -d + 3 + 1 = 0. Let p be 3/(-6) + 2/d. Suppose -2*z - 1 + 15 = p. What are the prime factors of z?
7
List the prime factors of 1/(2/4) - -35.
37
Suppose 7*r + 96 - 600 = 0. List the prime factors of r.
2, 3
Let t = 158 - 0. Let s = t + -94. Suppose -s = -4*l - 8. What are the prime factors of l?
2, 7
Let s(l) = 2*l + 3. Suppose 3*b = -2 - 1, -g = -4*b + 1. Let a be -2*(g/2 - 1). What are the prime factors of s(a)?
17
Let k(n) = n**3 - 4*n**2 - n + 3. Let l(o) = o**2 - 6*o - 11. Let f be l(8). What are the prime factors of k(f)?
23
Let h = -3 + 26. What are the prime factors of h?
23
Let p(q) = 4*q - 5. Let d(b) = 5*b - 6. Let y(r) = 5*d(r) - 6*p(r). Let j = -13 - -17. What are the prime factors of y(j)?
2
Suppose 8*l + 276 = 11*l. List the prime factors of l.
2, 23
Let c(i) = -i**3 - 3*i**2 + 5*i. Let z be c(-4). Let q = 2 - z. List the prime factors of 4/q + 124/12.
11
List the prime factors of -2 + (8 - 2) + 22.
2, 13
Let t be 4 + (2 + 2 - 1). Let x be 44/t - 4/14. Suppose -x = -4*w + 2*w. What are the prime factors of w?
3
List the prime factors of (-3 + 2)/(1647/825 - 2).
5, 11
Let d(b) = -b**3 + b**3 + 4*b**2 + 2*b**3 - 1 - b + 2. Let i be d(3). Suppose 0 = -z - 4, 0*z = 4*l - 4*z - i. List the prime factors of l.
2, 3
Let t = -68 - -177. List the prime factors of t.
109
Suppose 6*a - a = -g + 21, g + 4*a - 19 = 0. What are the prime factors of (-97)/(-11) - (-2)/g?
3
Let y = 151 - 97. List the prime factors of y.
2, 3
Let f(l) = 42*l - 22. What are the prime factors of f(4)?
2, 73
Suppose 4*g + 10 = -3*p - 34, 5*p = -g - 28. Let d be -8*(-2)/g*-7. Let x = d + -7. What are the prime factors of x?
7
Suppose p + 4 = 3*t, -3*t + 2*t - 2*p = -13. Suppose t*x + 2*x = 60. List the prime factors of x.
2, 3
Suppose -6*k + 18 = -3*k. Let o(m) = -m + 2 + 8 - 2. What are the prime factors of o(k)?
2
Let s = 24 - 6. Suppose 5*t + 2*d - 14 = 0, 5*t = t - 5*d + s. Let r(g) = g**2 - g + 2. List the prime factors of r(t).
2
Suppose -4*z + 4 = 24. Let d = -41 - -50. Let w = z + d. List the prime factors of w.
2
Let m = 21 - -5. What are the prime factors of m?
2, 13
Suppose -14*y + 17*y = 450. What are the prime factors of y?
2, 3, 5
Let d(l) = l**2 - 6*l - 6. List the prime factors of d(9).
3, 7
Suppose 30 = 3*x + 4*t, -3*x + 2*x = -4*t + 6. Suppose u + 4*u = -2*r + 101, 2*r = x. List the prime factors of u.
19
Let m be 16/4 + 1*-6. What are the prime factors of (-1)/(m*1/86)?
43
Let j(r) = -r**3 + 1. Let g be j(-1). Suppose -2*f = 4 - g. Let k(q) = -12*q - 1. List the prime factors of k(f).
11
Let y = 5 - 1. Suppose -4*q + 20 = -0*q. Suppose q*l - 46 - y = 0. What are the prime factors of l?
2, 5
Let w(m) = -m + 12. Let x be w(9). Suppose 5*q - 3*j = -2, -x*q + 3*j - 6 = -0. What are the prime factors of q?
2
Suppose 3*i = g - 0*g + 8, 2*i - 10 = 3*g. Let w(q) = 6*q**2 - 3*q. What are the prime factors of w(i)?
2, 3
Suppose i + 2*i = -k - 35, -95 = 5*k - 5*i. Suppose -3*l - 4*s - 27 = -0*s, -3*s = -5*l - 74. Let o = l - k. What are the prime factors of o?
2, 5
Suppose 3*b + 4*y - 784 = -2*b, -4*b - 4*y + 624 = 0. What are the prime factors of b?
2, 5
Suppose 0*m - 3*m = -114. List the prime factors of m.
2, 19
Let m be (-1 - 0)*(0 - 109). Suppose -3*q - 7*j + 3*j = -m, -3*j + 73 = 2*q. List the prime factors of q.
5, 7
Suppose -n = 3*n - 8. List the prime factors of (n - 5) + 2 - -9.
2
Let d = 2 + 8. List the prime factors of (8 - -2)*6/d.
2, 3
Let u(d) = 29*d - 8. List the prime factors of u(2).
2, 5
Suppose -53 - 170 = -4*p - 5*r, 0 = -3*p + 4*r + 144. List the prime factors of p.
2, 13
Suppose 2*u = 2*x - 72,